{"id":2,"date":"2026-02-09T07:24:25","date_gmt":"2026-02-09T07:24:25","guid":{"rendered":"https:\/\/sidoniescharfestiftung.de\/?page_id=2"},"modified":"2026-02-09T16:44:42","modified_gmt":"2026-02-09T16:44:42","slug":"sample-page","status":"publish","type":"page","link":"https:\/\/sidoniescharfestiftung.de\/","title":{"rendered":"Willkommen"},"content":{"rendered":"\n<div class=\"wp-block-columns is-layout-flex wp-container-core-columns-is-layout-9d6595d7 wp-block-columns-is-layout-flex\">\n<div class=\"wp-block-column is-layout-flow wp-block-column-is-layout-flow\"><\/div>\n\n\n\n<div class=\"wp-block-column is-layout-flow wp-block-column-is-layout-flow\" style=\"flex-basis:66.66%\">\n<h6 data-wp-context---core-fit-text=\"core\/fit-text::{&quot;fontSize&quot;:&quot;&quot;}\" data-wp-init---core-fit-text=\"core\/fit-text::callbacks.init\" data-wp-interactive data-wp-style--font-size=\"core\/fit-text::context.fontSize\" class=\"wp-block-heading has-fit-text\">Herzlich willkommen!<\/h6>\n\n\n\n<p>Wenn Sie f\u00fcr sich oder einen Angeh\u00f6rigen eine eigenst\u00e4ndige und selbstbestimmte &#8211; und dennoch betreute &#8211; Wohnm\u00f6glichkeit f\u00fcr das Alter suchen, dann haben Sie hier genau das Richtige gefunden.<\/p>\n\n\n\n<p>Die Stiftung ist kein Alters- oder Pflegeheim, sondern Sie wohnen in einer eigenen, abgeschlossenen Wohnung mit Bad und K\u00fcche. Wenn Sie es w\u00fcnschen, k\u00f6nnen wir Ihnen jedoch zus\u00e4tzliche Hilfe von au\u00dfen f\u00fcr Ihr t\u00e4gliches Leben organisieren.<\/p>\n\n\n\n<p>Es besteht eine aktive Hausgemeinschaft, die viele gemeinsame Unternehmungen durchf\u00fchrt, so dass Sie &#8211; je wie Sie es w\u00fcnschen &#8211; w\u00e4hlen k\u00f6nnen, ob Sie allein sein m\u00f6chten oder in Gesellschaft.<\/p>\n\n\n\n<p>Bitte informieren Sie sich auf den folgenden Seiten \u00fcber uns und die M\u00f6glichkeiten, die sich Ihnen bieten.<\/p>\n<\/div>\n\n\n\n<div class=\"wp-block-column is-layout-flow wp-block-column-is-layout-flow\" style=\"flex-basis:33.33%\">\n<figure class=\"wp-block-image size-full\"><img loading=\"lazy\" decoding=\"async\" width=\"360\" height=\"555\" src=\"https:\/\/sidoniescharfestiftung.de\/wp-content\/uploads\/2026\/02\/BlumenEingangDSC_0014.jpg\" alt=\"\" class=\"wp-image-168\" srcset=\"https:\/\/sidoniescharfestiftung.de\/wp-content\/uploads\/2026\/02\/BlumenEingangDSC_0014.jpg 360w, https:\/\/sidoniescharfestiftung.de\/wp-content\/uploads\/2026\/02\/BlumenEingangDSC_0014-195x300.jpg 195w\" sizes=\"auto, (max-width: 360px) 100vw, 360px\" \/><\/figure>\n<\/div>\n<\/div>\n\n\n\n<p><\/p>\n","protected":false},"excerpt":{"rendered":"<p>Herzlich willkommen! Wenn Sie f\u00fcr sich oder einen Angeh\u00f6rigen eine eigenst\u00e4ndige und selbstbestimmte &#8211; und dennoch betreute &#8211; Wohnm\u00f6glichkeit f\u00fcr das Alter suchen, dann haben Sie hier genau das Richtige gefunden. Die Stiftung ist kein Alters- oder Pflegeheim, sondern Sie wohnen in einer eigenen, abgeschlossenen Wohnung mit Bad und K\u00fcche. Wenn Sie es w\u00fcnschen, k\u00f6nnen &#8230; <a title=\"Willkommen\" class=\"read-more\" href=\"https:\/\/sidoniescharfestiftung.de\/\" aria-label=\"Mehr Informationen \u00fcber Willkommen\">Weiterlesen<\/a><\/p>\n","protected":false},"author":1,"featured_media":0,"parent":0,"menu_order":0,"comment_status":"closed","ping_status":"open","template":"","meta":{"footnotes":""},"class_list":["post-2","page","type-page","status-publish"],"_links":{"self":[{"href":"https:\/\/sidoniescharfestiftung.de\/index.php?rest_route=\/wp\/v2\/pages\/2","targetHints":{"allow":["GET"]}}],"collection":[{"href":"https:\/\/sidoniescharfestiftung.de\/index.php?rest_route=\/wp\/v2\/pages"}],"about":[{"href":"https:\/\/sidoniescharfestiftung.de\/index.php?rest_route=\/wp\/v2\/types\/page"}],"author":[{"embeddable":true,"href":"https:\/\/sidoniescharfestiftung.de\/index.php?rest_route=\/wp\/v2\/users\/1"}],"replies":[{"embeddable":true,"href":"https:\/\/sidoniescharfestiftung.de\/index.php?rest_route=%2Fwp%2Fv2%2Fcomments&post=2"}],"version-history":[{"count":20,"href":"https:\/\/sidoniescharfestiftung.de\/index.php?rest_route=\/wp\/v2\/pages\/2\/revisions"}],"predecessor-version":[{"id":276,"href":"https:\/\/sidoniescharfestiftung.de\/index.php?rest_route=\/wp\/v2\/pages\/2\/revisions\/276"}],"wp:attachment":[{"href":"https:\/\/sidoniescharfestiftung.de\/index.php?rest_route=%2Fwp%2Fv2%2Fmedia&parent=2"}],"curies":[{"name":"wp","href":"https:\/\/api.w.org\/{rel}","templated":true}]}}